r when 54014 is divided by 1291.
1083
What is the remainder when 188465 is divided by 188448?
17
What is the remainder when 446488 is divided by 18?
16
Calculate the remainder when 58625 is divided by 29120.
385
Calculate the remainder when 1617 is divided by 402.
9
What is the remainder when 1322 is divided by 49?
48
Calculate the remainder when 23515 is divided by 11659.
197
What is the remainder when 143900 is divided by 59?
58
Calculate the remainder when 2616 is divided by 335.
271
Calculate the remainder when 185286 is divided by 1872.
1830
Calculate the remainder when 402 is divided by 274.
128
What is the remainder when 22733 is divided by 242?
227
What is the remainder when 12158 is divided by 33?
14
Calculate the remainder when 95457 is divided by 20.
17
What is the remainder when 33718 is divided by 33648?
70
What is the remainder when 128179 is divided by 480?
19
Calculate the remainder when 782743 is divided by 225.
193
Calculate the remainder when 41157 is divided by 140.
137
What is the remainder when 7598 is divided by 886?
510
Calculate the remainder when 4010 is divided by 366.
350
What is the remainder when 4553 is divided by 249?
71
Calculate the remainder when 1188704 is divided by 491.
484
What is the remainder when 8044573 is divided by 49?
47
What is the remainder when 8418 is divided by 2800?
18
Calculate the remainder when 179908 is divided by 43.
39
What is the remainder when 14394 is divided by 4751?
141
What is the remainder when 15827 is divided by 1796?
1459
Calculate the remainder when 17424 is divided by 1024.
16
What is the remainder when 9956 is divided by 42?
2
Calculate the remainder when 1409 is divided by 858.
551
Calculate the remainder when 39709 is divided by 31.
29
Calculate the remainder when 8603 is divided by 8131.
472
Calculate the remainder when 9094 is divided by 1815.
19
Calculate the remainder when 213122 is divided by 625.
622
Calculate the remainder when 1867 is divided by 281.
181
What is the remainder when 62766 is divided by 143?
132
What is the remainder when 53069 is divided by 5894?
23
What is the remainder when 1632 is divided by 715?
202
Calculate the remainder when 9152 is divided by 4290.
572
Calculate the remainder when 3058 is divided by 660.
418
Calculate the remainder when 688 is divided by 47.
30
What is the remainder when 75143 is divided by 7510?
43
What is the remainder when 2507776 is divided by 63?
61
Calculate the remainder when 29945 is divided by 28.
13
What is the remainder when 243140 is divided by 24?
20
What is the remainder when 1151 is divided by 155?
66
Calculate the remainder when 2958 is divided by 368.
14
Calculate the remainder when 52607 is divided by 863.
827
What is the remainder when 7715 is divided by 1888?
163
What is the remainder when 20885 is divided by 363?
194
What is the remainder when 65245 is divided by 84?
61
What is the remainder when 79000 is divided by 544?
120
What is the remainder when 638273 is divided by 334?
333
Calculate the remainder when 173471 is divided by 17.
3
Calculate the remainder when 9602 is divided by 203.
61
What is the remainder when 201573 is divided by 11?
9
Calculate the remainder when 9107 is divided by 606.
17
Calculate the remainder when 5203 is divided by 1048.
1011
What is the remainder when 8090 is divided by 50?
40
What is the remainder when 87157 is divided by 29?
12
Calculate the remainder when 496 is divided by 33.
1
Calculate the remainder when 79844 is divided by 248.
236
What is the remainder when 17381 is divided by 155?
21
What is the remainder when 9791 is divided by 367?
249
Calculate the remainder when 1313 is divided by 9.
8
What is the remainder when 5698 is divided by 945?
28
Calculate the remainder when 3256 is divided by 453.
85
Calculate the remainder when 635030 is divided by 126.
116
What is the remainder when 5856 is divided by 133?
4
What is the remainder when 53550 is divided by 765?
0
Calculate the remainder when 72431 is divided by 230.
211
Calculate the remainder when 65931 is divided by 160.
11
What is the remainder when 10511 is divided by 1049?
21
What is the remainder when 4035 is divided by 3900?
135
What is the remainder when 78580 is divided by 7?
5
What is the remainder when 7751 is divided by 2500?
251
What is the remainder when 181743 is divided by 5?
3
What is the remainder when 243207 is divided by 40531?
21
Calculate the remainder when 82737 is divided by 82.
81
Calculate the remainder when 107807 is divided by 107754.
53
Calculate the remainder when 7408 is divided by 239.
238
Calculate the remainder when 109779 is divided by 21953.
14
Calculate the remainder when 90 is divided by 24.
18
Calculate the remainder when 17712 is divided by 322.
2
Calculate the remainder when 545571 is divided by 139.
135
Calculate the remainder when 6644 is divided by 125.
19
What is the remainder when 13376 is divided by 285?
266
What is the remainder when 3565 is divided by 146?
61
Calculate the remainder when 1372 is divided by 84.
28
Calculate the remainder when 1018944 is divided by 2114.
2110
Calculate the remainder when 18218 is divided by 10.
8
What is the remainder when 6329 is divided by 43?
8
Calculate the remainder when 68246 is divided by 108.
98
What is the remainder when 24871 is divided by 1309?
0
What is the remainder when 7701 is divided by 36?
33
What is the remainder when 224907 is divided by 176?
155
Calculate the remainder when 27216 is divided by 78.
72
What is the remainder when 53711 is divided by 1167?
29
Calculate the remainder when 5909 is divided by 15.
14
Calculate the remainder when 5769 is divided by 26.
23
Calculate the remainder when 22690 is divided by 141.
130
What is the remainder when 2474 is divided by 612?
26
Calculate the remainder when 12023 is divided by 6.
5
Calculate the remainder when 111105 is divided by 101.
5
Calculate the remainder when 80549 is divided by 3.
2
Calculate the remainder when 12544 is divided by 2090.
4
What is the remainder when 518 is divided by 169?
11
What is the remainder when 506244 is divided by 58?
20
What is the remainder when 16897 is divided by 5436?
589
What is the remainder when 24336 is divided by 24324?
12
What is the remainder when 3018 is divided by 190?
168
Calculate the remainder when 24867 is divided by 93.
36
Calculate the remainder when 3071 is divided by 498.
83
What is the remainder when 1915 is divided by 1404?
511
What is the remainder when 4285 is divided by 202?
43
What is the remainder when 35423 is divided by 30?
23
Calculate the remainder when 242251 is divided by 59.
56
What is the remainder when 10204 is divided by 27?
25
Calculate the remainder when 827 is divided by 807.
20
What is the remainder when 63685 is divided by 12727?
50
Calculate the remainder when 877 is divided by 109.
5
What is the remainder when 478573 is divided by 53170?
43
What is the remainder when 5958 is divided by 1984?
6
Calculate the remainder when 15431 is divided by 2163.
290
Calculate the remainder when 15701 is divided by 450.
401
What is the remainder when 9634 is divided by 31?
24
Calculate the remainder when 930056 is divided by 105.
71
What is the remainder when 70373 is divided by 38?
35
What is the remainder when 12898 is divided by 821?
583
What is the remainder when 103398 is divided by 550?
548
Calculate the remainder when 266905 is divided by 212.
209
What is the remainder when 53462 is divided by 775?
762
Calculate the remainder when 1158 is divided by 116.
114
Calculate the remainder when 8000 is divided by 138.
134
Calculate the remainder when 4843 is divided by 233.
183
What is the remainder when 675697 is divided by 387?
382
Calculate the remainder when 10261 is divided by 53.
32
What is the remainder when 820 is divided by 535?
285
Calculate the remainder when 609 is divided by 190.
39
Calculate the remainder when 100737 is divided by 4.
1
Calculate the remainder when 78081 is divided by 1948.
161
What is the remainder when 828 is divided by 44?
36
Calculate the remainder when 29996 is divided by 304.
204
What is the remainder when 9848 is divided by 166?
54
What is the remainder when 1952 is divided by 491?
479
Calculate the remainder when 567035 is divided by 109.
17
What is the remainder when 613